{"id":14,"date":"2016-01-17T21:33:42","date_gmt":"2016-01-17T21:33:42","guid":{"rendered":"http:\/\/audited.com.py\/v1\/?page_id=14"},"modified":"2016-01-20T15:04:46","modified_gmt":"2016-01-20T15:04:46","slug":"quienes-somos","status":"publish","type":"page","link":"https:\/\/audited.com.py\/v1\/quienes-somos\/","title":{"rendered":"Nosotros"},"content":{"rendered":"<p><b><i>AUDITED<\/i><\/b> cuenta con experiencia en servicios de auditor\u00eda, tanto en el sector p\u00fablico como privado. Conforman su equipo, profesionales t\u00e9cnicos altamente calificados, con funciones permanentes y dedicaci\u00f3n completa, factores que posibilitan presentarnos a este llamado.<\/p>\n<h3><b>NUESTRA POL\u00cdTICA<\/b><\/h3>\n<h3><\/h3>\n<p><b><i>AUDITED<\/i><\/b> est\u00e1 orientada a ofrecer servicios que cumplan con las necesidades y expectativas de sus clientes. A partir de esta orientaci\u00f3n la Administraci\u00f3n se compromete a:<\/p>\n<p>Asegurar una asistencia altamente profesional en la prestaci\u00f3n de los servicios bas\u00e1ndose en elevados y actualizados conocimientos.<\/p>\n<p>Que nuestra actuaci\u00f3n siempre este orientada desde la perspectiva del cliente.<\/p>\n<p>Innovar y cambiar es un pacto de compromiso con los clientes.<\/p>\n<p>Desempe\u00f1ar con alta eficacia y eficiencia, en colaboraci\u00f3n con los funcionarios de la Instituci\u00f3n , contribuyendo al logro\u00a0 personal dentro de un marco\u00a0 de respeto y cordialidad mutua.<\/p>\n<p>Obtener el reconocimiento de los clientes\u00a0 para futuros negocios.<\/p>\n","protected":false},"excerpt":{"rendered":"<p>AUDITED cuenta con experiencia en servicios de auditor\u00eda, tanto en el sector p\u00fablico como privado. Conforman su equipo, profesionales t\u00e9cnicos altamente calificados, con funciones permanentes y dedicaci\u00f3n completa, factores que posibilitan presentarnos a este llamado. NUESTRA POL\u00cdTICA AUDITED est\u00e1 orientada a ofrecer servicios que cumplan con las necesidades y expectativas de sus clientes. A partir [&hellip;]<\/p>\n","protected":false},"author":1,"featured_media":0,"parent":0,"menu_order":0,"comment_status":"closed","ping_status":"closed","template":"","meta":{"footnotes":"","_links_to":"","_links_to_target":""},"class_list":["post-14","page","type-page","status-publish","hentry"],"_links":{"self":[{"href":"https:\/\/audited.com.py\/v1\/wp-json\/wp\/v2\/pages\/14","targetHints":{"allow":["GET"]}}],"collection":[{"href":"https:\/\/audited.com.py\/v1\/wp-json\/wp\/v2\/pages"}],"about":[{"href":"https:\/\/audited.com.py\/v1\/wp-json\/wp\/v2\/types\/page"}],"author":[{"embeddable":true,"href":"https:\/\/audited.com.py\/v1\/wp-json\/wp\/v2\/users\/1"}],"replies":[{"embeddable":true,"href":"https:\/\/audited.com.py\/v1\/wp-json\/wp\/v2\/comments?post=14"}],"version-history":[{"count":6,"href":"https:\/\/audited.com.py\/v1\/wp-json\/wp\/v2\/pages\/14\/revisions"}],"predecessor-version":[{"id":84,"href":"https:\/\/audited.com.py\/v1\/wp-json\/wp\/v2\/pages\/14\/revisions\/84"}],"wp:attachment":[{"href":"https:\/\/audited.com.py\/v1\/wp-json\/wp\/v2\/media?parent=14"}],"curies":[{"name":"wp","href":"https:\/\/api.w.org\/{rel}","templated":true}]}}